{"id":15394,"date":"2023-02-22T11:34:57","date_gmt":"2023-02-22T10:34:57","guid":{"rendered":"https:\/\/www.savoiaterme.it\/?post_type=room&#038;p=15394"},"modified":"2025-03-06T15:12:07","modified_gmt":"2025-03-06T14:12:07","slug":"individuelle","status":"publish","type":"room","link":"https:\/\/www.savoiaterme.it\/fr\/chambre\/individuelle\/","title":{"rendered":"Individuelle"},"content":{"rendered":"\n<h3 class=\"wp-block-heading\">Intimes et accueillantes<\/h3>\n\n\n\n<p>M\u00eame les chambres individuelles de l\u2019H\u00f4tel Savoia Therm\u00e6 sont dot\u00e9es de tous les conforts pour un s\u00e9jour \u00e0 l\u2019enseigne du repos et du bien-\u00eatre.<\/p>\n\n\n\n<div style=\"height:26px\" aria-hidden=\"true\" class=\"wp-block-spacer\"><\/div>\n\n\n<div  class=\"grids-section grids-is-advanced\" style=\"--_gs-gap-desktop:0px 0px;--_gs-m-desktop:0 0 0 0;--_gs-p-desktop:0 0 0 0;--_gs-bg-desktop:#f3e8f2 none;--_gs-bg-xp-desktop:0px;--_gs-zi-desktop:auto;--_gs-d-desktop:block;--_gs-mw-desktop:calc(100% - 0 - 0);--_gs-gap-tablet:0px 0px;--_gs-m-tablet:0 0 0 0;--_gs-p-tablet:0 0 0 0;--_gs-bg-tablet:#f3e8f2 none;--_gs-bg-xp-tablet:0px;--_gs-zi-tablet:auto;--_gs-d-tablet:block;--_gs-mw-tablet:calc(100% - 0 - 0);--_gs-gap-mobile:0px 0px;--_gs-m-mobile:0 0 0 0;--_gs-p-mobile:0 0 0 0;--_gs-bg-mobile:#f3e8f2 none;--_gs-bg-xp-mobile:0px;--_gs-zi-mobile:auto;--_gs-d-mobile:block;--_gs-mw-mobile:calc(100% - 0 - 0);--_gs-columns:12;--_gs-rows:6\"><div class=\"grids-s-w_i\">\n<div class=\"grids-area\" style=\"--_ga-column:2\/12;--_ga-row:1\/2;--_ga-m-desktop:0 0 0 0;--_ga-p-desktop:0 0 0 0;--_ga-bg-desktop:transparent none;--_ga-zi-desktop:auto;--_ga-d-desktop:flex;--_ga-mw-desktop:calc(100% - 0 - 0);--_ga-m-tablet:0 0 0 0;--_ga-p-tablet:0 0 0 0;--_ga-bg-tablet:transparent none;--_ga-zi-tablet:auto;--_ga-d-tablet:flex;--_ga-mw-tablet:calc(100% - 0 - 0);--_ga-m-mobile:0 0 0 0;--_ga-p-mobile:0 0 0 0;--_ga-bg-mobile:transparent none;--_ga-zi-mobile:auto;--_ga-d-mobile:flex;--_ga-mw-mobile:calc(100% - 0 - 0)\">\n\n<h3 class=\"wp-block-heading has-text-align-center\">Personnalisez votre r\u00e9servation !<\/h3>\n\n\n\n<p class=\"has-text-align-center\">Dans les \u00e9tapes suivantes, vous pouvez personnaliser votre r\u00e9servation en ajoutant des services et des conforts suppl\u00e9mentaires.<\/p>\n\n<\/div>\n<\/div><\/div>","protected":false},"excerpt":{"rendered":"<p>Accueillante et comfortable, avec une terrasse.<\/p>\n","protected":false},"author":11,"featured_media":5113,"template":"","meta":{"_acf_changed":false,"advgb_blocks_editor_width":"","advgb_blocks_columns_visual_guide":"","footnotes":""},"room_categories":[],"class_list":["post-15394","room","type-room","status-publish","has-post-thumbnail","hentry","entry"],"acf":[],"yoast_head":"<!-- This site is optimized with the Yoast SEO plugin v25.7 - https:\/\/yoast.com\/wordpress\/plugins\/seo\/ -->\n<title>Individuelle - Hotel Savoia Therm\u00e6 &amp; Spa<\/title>\n<meta name=\"robots\" content=\"index, follow, max-snippet:-1, max-image-preview:large, max-video-preview:-1\" \/>\n<link rel=\"canonical\" href=\"https:\/\/www.savoiaterme.it\/fr\/chambre\/individuelle\/\" \/>\n<meta property=\"og:locale\" content=\"fr_FR\" \/>\n<meta property=\"og:type\" content=\"article\" \/>\n<meta property=\"og:title\" content=\"Individuelle - Hotel Savoia Therm\u00e6 &amp; Spa\" \/>\n<meta property=\"og:description\" content=\"Accueillante et comfortable, avec une terrasse.\" \/>\n<meta property=\"og:url\" content=\"https:\/\/www.savoiaterme.it\/fr\/chambre\/individuelle\/\" \/>\n<meta property=\"og:site_name\" content=\"Hotel Savoia Therm\u00e6 &amp; Spa\" \/>\n<meta property=\"article:modified_time\" content=\"2025-03-06T14:12:07+00:00\" \/>\n<meta property=\"og:image\" content=\"https:\/\/www.savoiaterme.it\/wp-content\/uploads\/2021\/07\/singola-hotel-savoia-terme-abano-terme_banner.jpg\" \/>\n\t<meta property=\"og:image:width\" content=\"2000\" \/>\n\t<meta property=\"og:image:height\" content=\"714\" \/>\n\t<meta property=\"og:image:type\" content=\"image\/jpeg\" \/>\n<meta name=\"twitter:card\" content=\"summary_large_image\" \/>\n<meta name=\"twitter:label1\" content=\"Dur\u00e9e de lecture estim\u00e9e\" \/>\n\t<meta name=\"twitter:data1\" content=\"1 minute\" \/>\n<script type=\"application\/ld+json\" class=\"yoast-schema-graph\">{\"@context\":\"https:\/\/schema.org\",\"@graph\":[{\"@type\":\"WebPage\",\"@id\":\"https:\/\/www.savoiaterme.it\/fr\/chambre\/individuelle\/\",\"url\":\"https:\/\/www.savoiaterme.it\/fr\/chambre\/individuelle\/\",\"name\":\"Individuelle - Hotel Savoia Therm\u00e6 &amp; Spa\",\"isPartOf\":{\"@id\":\"https:\/\/www.savoiaterme.it\/fr\/#website\"},\"primaryImageOfPage\":{\"@id\":\"https:\/\/www.savoiaterme.it\/fr\/chambre\/individuelle\/#primaryimage\"},\"image\":{\"@id\":\"https:\/\/www.savoiaterme.it\/fr\/chambre\/individuelle\/#primaryimage\"},\"thumbnailUrl\":\"https:\/\/www.savoiaterme.it\/wp-content\/uploads\/2021\/07\/singola-hotel-savoia-terme-abano-terme_banner.jpg\",\"datePublished\":\"2023-02-22T10:34:57+00:00\",\"dateModified\":\"2025-03-06T14:12:07+00:00\",\"breadcrumb\":{\"@id\":\"https:\/\/www.savoiaterme.it\/fr\/chambre\/individuelle\/#breadcrumb\"},\"inLanguage\":\"fr-FR\",\"potentialAction\":[{\"@type\":\"ReadAction\",\"target\":[\"https:\/\/www.savoiaterme.it\/fr\/chambre\/individuelle\/\"]}]},{\"@type\":\"ImageObject\",\"inLanguage\":\"fr-FR\",\"@id\":\"https:\/\/www.savoiaterme.it\/fr\/chambre\/individuelle\/#primaryimage\",\"url\":\"https:\/\/www.savoiaterme.it\/wp-content\/uploads\/2021\/07\/singola-hotel-savoia-terme-abano-terme_banner.jpg\",\"contentUrl\":\"https:\/\/www.savoiaterme.it\/wp-content\/uploads\/2021\/07\/singola-hotel-savoia-terme-abano-terme_banner.jpg\",\"width\":2000,\"height\":714},{\"@type\":\"BreadcrumbList\",\"@id\":\"https:\/\/www.savoiaterme.it\/fr\/chambre\/individuelle\/#breadcrumb\",\"itemListElement\":[{\"@type\":\"ListItem\",\"position\":1,\"name\":\"\",\"item\":\"https:\/\/www.savoiaterme.it\/fr\/\"},{\"@type\":\"ListItem\",\"position\":2,\"name\":\"Individuelle\"}]},{\"@type\":\"WebSite\",\"@id\":\"https:\/\/www.savoiaterme.it\/fr\/#website\",\"url\":\"https:\/\/www.savoiaterme.it\/fr\/\",\"name\":\"Hotel Savoia Therm\u00e6 &amp; Spa\",\"description\":\"ABANO TERME\",\"potentialAction\":[{\"@type\":\"SearchAction\",\"target\":{\"@type\":\"EntryPoint\",\"urlTemplate\":\"https:\/\/www.savoiaterme.it\/fr\/?s={search_term_string}\"},\"query-input\":{\"@type\":\"PropertyValueSpecification\",\"valueRequired\":true,\"valueName\":\"search_term_string\"}}],\"inLanguage\":\"fr-FR\"}]}<\/script>\n<!-- \/ Yoast SEO plugin. -->","yoast_head_json":{"title":"Individuelle - Hotel Savoia Therm\u00e6 &amp; Spa","robots":{"index":"index","follow":"follow","max-snippet":"max-snippet:-1","max-image-preview":"max-image-preview:large","max-video-preview":"max-video-preview:-1"},"canonical":"https:\/\/www.savoiaterme.it\/fr\/chambre\/individuelle\/","og_locale":"fr_FR","og_type":"article","og_title":"Individuelle - Hotel Savoia Therm\u00e6 &amp; Spa","og_description":"Accueillante et comfortable, avec une terrasse.","og_url":"https:\/\/www.savoiaterme.it\/fr\/chambre\/individuelle\/","og_site_name":"Hotel Savoia Therm\u00e6 &amp; Spa","article_modified_time":"2025-03-06T14:12:07+00:00","og_image":[{"width":2000,"height":714,"url":"https:\/\/www.savoiaterme.it\/wp-content\/uploads\/2021\/07\/singola-hotel-savoia-terme-abano-terme_banner.jpg","type":"image\/jpeg"}],"twitter_card":"summary_large_image","twitter_misc":{"Dur\u00e9e de lecture estim\u00e9e":"1 minute"},"schema":{"@context":"https:\/\/schema.org","@graph":[{"@type":"WebPage","@id":"https:\/\/www.savoiaterme.it\/fr\/chambre\/individuelle\/","url":"https:\/\/www.savoiaterme.it\/fr\/chambre\/individuelle\/","name":"Individuelle - Hotel Savoia Therm\u00e6 &amp; Spa","isPartOf":{"@id":"https:\/\/www.savoiaterme.it\/fr\/#website"},"primaryImageOfPage":{"@id":"https:\/\/www.savoiaterme.it\/fr\/chambre\/individuelle\/#primaryimage"},"image":{"@id":"https:\/\/www.savoiaterme.it\/fr\/chambre\/individuelle\/#primaryimage"},"thumbnailUrl":"https:\/\/www.savoiaterme.it\/wp-content\/uploads\/2021\/07\/singola-hotel-savoia-terme-abano-terme_banner.jpg","datePublished":"2023-02-22T10:34:57+00:00","dateModified":"2025-03-06T14:12:07+00:00","breadcrumb":{"@id":"https:\/\/www.savoiaterme.it\/fr\/chambre\/individuelle\/#breadcrumb"},"inLanguage":"fr-FR","potentialAction":[{"@type":"ReadAction","target":["https:\/\/www.savoiaterme.it\/fr\/chambre\/individuelle\/"]}]},{"@type":"ImageObject","inLanguage":"fr-FR","@id":"https:\/\/www.savoiaterme.it\/fr\/chambre\/individuelle\/#primaryimage","url":"https:\/\/www.savoiaterme.it\/wp-content\/uploads\/2021\/07\/singola-hotel-savoia-terme-abano-terme_banner.jpg","contentUrl":"https:\/\/www.savoiaterme.it\/wp-content\/uploads\/2021\/07\/singola-hotel-savoia-terme-abano-terme_banner.jpg","width":2000,"height":714},{"@type":"BreadcrumbList","@id":"https:\/\/www.savoiaterme.it\/fr\/chambre\/individuelle\/#breadcrumb","itemListElement":[{"@type":"ListItem","position":1,"name":"","item":"https:\/\/www.savoiaterme.it\/fr\/"},{"@type":"ListItem","position":2,"name":"Individuelle"}]},{"@type":"WebSite","@id":"https:\/\/www.savoiaterme.it\/fr\/#website","url":"https:\/\/www.savoiaterme.it\/fr\/","name":"Hotel Savoia Therm\u00e6 &amp; Spa","description":"ABANO TERME","potentialAction":[{"@type":"SearchAction","target":{"@type":"EntryPoint","urlTemplate":"https:\/\/www.savoiaterme.it\/fr\/?s={search_term_string}"},"query-input":{"@type":"PropertyValueSpecification","valueRequired":true,"valueName":"search_term_string"}}],"inLanguage":"fr-FR"}]}},"featured_img":"https:\/\/www.savoiaterme.it\/wp-content\/uploads\/2021\/07\/singola-hotel-savoia-terme-abano-terme_banner-1568x560.jpg","coauthors":[],"author_meta":{"author_link":"https:\/\/www.savoiaterme.it\/fr\/author\/cristina\/","display_name":"Cristina"},"relative_dates":{"created":"Publi\u00e9 3 ans il y a","modified":"Mis \u00e0 jour 1 an il y a"},"absolute_dates":{"created":"Publi\u00e9 le f\u00e9vrier 22, 2023","modified":"Mise \u00e0 jour le mars 6, 2025"},"absolute_dates_time":{"created":"Publi\u00e9 le f\u00e9vrier 22, 2023 11:34 am","modified":"Mise \u00e0 jour le mars 6, 2025 3:12 pm"},"featured_img_caption":"","tax_additional":{"room_categories":{"linked":[],"unlinked":[],"slug":"room_categories","name":"Cat\u00e9gories"},"translation_priority":{"linked":["<a href=\"https:\/\/www.savoiaterme.it\/fr\/?taxonomy=translation_priority&#038;term=facultatif\" class=\"advgb-post-tax-term\">Facultatif<\/a>"],"unlinked":["<span class=\"advgb-post-tax-term\">Facultatif<\/span>"],"slug":"translation_priority","name":"Priorit\u00e9s de traduction"}},"series_order":"","_links":{"self":[{"href":"https:\/\/www.savoiaterme.it\/fr\/wp-json\/wp\/v2\/room\/15394","targetHints":{"allow":["GET"]}}],"collection":[{"href":"https:\/\/www.savoiaterme.it\/fr\/wp-json\/wp\/v2\/room"}],"about":[{"href":"https:\/\/www.savoiaterme.it\/fr\/wp-json\/wp\/v2\/types\/room"}],"author":[{"embeddable":true,"href":"https:\/\/www.savoiaterme.it\/fr\/wp-json\/wp\/v2\/users\/11"}],"version-history":[{"count":2,"href":"https:\/\/www.savoiaterme.it\/fr\/wp-json\/wp\/v2\/room\/15394\/revisions"}],"predecessor-version":[{"id":28576,"href":"https:\/\/www.savoiaterme.it\/fr\/wp-json\/wp\/v2\/room\/15394\/revisions\/28576"}],"wp:featuredmedia":[{"embeddable":true,"href":"https:\/\/www.savoiaterme.it\/fr\/wp-json\/wp\/v2\/media\/5113"}],"wp:attachment":[{"href":"https:\/\/www.savoiaterme.it\/fr\/wp-json\/wp\/v2\/media?parent=15394"}],"wp:term":[{"taxonomy":"room_categories","embeddable":true,"href":"https:\/\/www.savoiaterme.it\/fr\/wp-json\/wp\/v2\/room_categories?post=15394"}],"curies":[{"name":"wp","href":"https:\/\/api.w.org\/{rel}","templated":true}]}}

<h3 class="wp-block-heading">Intimes et accueillantes</h3>



<p>Même les chambres individuelles de l’Hôtel Savoia Thermæ sont dotées de tous les conforts pour un séjour à l’enseigne du repos et du bien-être.</p>



<div style="height:26px" aria-hidden="true" class="wp-block-spacer"></div>


<div  class="grids-section grids-is-advanced" style="--_gs-gap-desktop:0px 0px;--_gs-m-desktop:0 0 0 0;--_gs-p-desktop:0 0 0 0;--_gs-bg-desktop:#f3e8f2 none;--_gs-bg-xp-desktop:0px;--_gs-zi-desktop:auto;--_gs-d-desktop:block;--_gs-mw-desktop:calc(100% - 0 - 0);--_gs-gap-tablet:0px 0px;--_gs-m-tablet:0 0 0 0;--_gs-p-tablet:0 0 0 0;--_gs-bg-tablet:#f3e8f2 none;--_gs-bg-xp-tablet:0px;--_gs-zi-tablet:auto;--_gs-d-tablet:block;--_gs-mw-tablet:calc(100% - 0 - 0);--_gs-gap-mobile:0px 0px;--_gs-m-mobile:0 0 0 0;--_gs-p-mobile:0 0 0 0;--_gs-bg-mobile:#f3e8f2 none;--_gs-bg-xp-mobile:0px;--_gs-zi-mobile:auto;--_gs-d-mobile:block;--_gs-mw-mobile:calc(100% - 0 - 0);--_gs-columns:12;--_gs-rows:6"><div class="grids-s-w_i">
<div class="grids-area" style="--_ga-column:2/12;--_ga-row:1/2;--_ga-m-desktop:0 0 0 0;--_ga-p-desktop:0 0 0 0;--_ga-bg-desktop:transparent none;--_ga-zi-desktop:auto;--_ga-d-desktop:flex;--_ga-mw-desktop:calc(100% - 0 - 0);--_ga-m-tablet:0 0 0 0;--_ga-p-tablet:0 0 0 0;--_ga-bg-tablet:transparent none;--_ga-zi-tablet:auto;--_ga-d-tablet:flex;--_ga-mw-tablet:calc(100% - 0 - 0);--_ga-m-mobile:0 0 0 0;--_ga-p-mobile:0 0 0 0;--_ga-bg-mobile:transparent none;--_ga-zi-mobile:auto;--_ga-d-mobile:flex;--_ga-mw-mobile:calc(100% - 0 - 0)">

<h3 class="wp-block-heading has-text-align-center">Personnalisez votre réservation !</h3>



<p class="has-text-align-center">Dans les étapes suivantes, vous pouvez personnaliser votre réservation en ajoutant des services et des conforts supplémentaires.</p>

</div>
</div></div>

<!-- This site is optimized with the Yoast SEO plugin v25.7 - https://yoast.com/wordpress/plugins/seo/ -->
<title>Individuelle - Hotel Savoia Thermæ &amp; Spa</title>
<meta name="robots" content="index, follow, max-snippet:-1, max-image-preview:large, max-video-preview:-1" />
<link rel="canonical" href="https://www.savoiaterme.it/fr/chambre/individuelle/" />
<meta property="og:locale" content="fr_FR" />
<meta property="og:type" content="article" />
<meta property="og:title" content="Individuelle - Hotel Savoia Thermæ &amp; Spa" />
<meta property="og:description" content="Accueillante et comfortable, avec une terrasse." />
<meta property="og:url" content="https://www.savoiaterme.it/fr/chambre/individuelle/" />
<meta property="og:site_name" content="Hotel Savoia Thermæ &amp; Spa" />
<meta property="article:modified_time" content="2025-03-06T14:12:07+00:00" />
<meta property="og:image" content="https://www.savoiaterme.it/wp-content/uploads/2021/07/singola-hotel-savoia-terme-abano-terme_banner.jpg" />
	<meta property="og:image:width" content="2000" />
	<meta property="og:image:height" content="714" />
	<meta property="og:image:type" content="image/jpeg" />
<meta name="twitter:card" content="summary_large_image" />
<meta name="twitter:label1" content="Durée de lecture estimée" />
	<meta name="twitter:data1" content="1 minute" />
<script type="application/ld+json" class="yoast-schema-graph">{"@context":"https://schema.org","@graph":[{"@type":"WebPage","@id":"https://www.savoiaterme.it/fr/chambre/individuelle/","url":"https://www.savoiaterme.it/fr/chambre/individuelle/","name":"Individuelle - Hotel Savoia Thermæ &amp; Spa","isPartOf":{"@id":"https://www.savoiaterme.it/fr/#website"},"primaryImageOfPage":{"@id":"https://www.savoiaterme.it/fr/chambre/individuelle/#primaryimage"},"image":{"@id":"https://www.savoiaterme.it/fr/chambre/individuelle/#primaryimage"},"thumbnailUrl":"https://www.savoiaterme.it/wp-content/uploads/2021/07/singola-hotel-savoia-terme-abano-terme_banner.jpg","datePublished":"2023-02-22T10:34:57+00:00","dateModified":"2025-03-06T14:12:07+00:00","breadcrumb":{"@id":"https://www.savoiaterme.it/fr/chambre/individuelle/#breadcrumb"},"inLanguage":"fr-FR","potentialAction":[{"@type":"ReadAction","target":["https://www.savoiaterme.it/fr/chambre/individuelle/"]}]},{"@type":"ImageObject","inLanguage":"fr-FR","@id":"https://www.savoiaterme.it/fr/chambre/individuelle/#primaryimage","url":"https://www.savoiaterme.it/wp-content/uploads/2021/07/singola-hotel-savoia-terme-abano-terme_banner.jpg","contentUrl":"https://www.savoiaterme.it/wp-content/uploads/2021/07/singola-hotel-savoia-terme-abano-terme_banner.jpg","width":2000,"height":714},{"@type":"BreadcrumbList","@id":"https://www.savoiaterme.it/fr/chambre/individuelle/#breadcrumb","itemListElement":[{"@type":"ListItem","position":1,"name":"","item":"https://www.savoiaterme.it/fr/"},{"@type":"ListItem","position":2,"name":"Individuelle"}]},{"@type":"WebSite","@id":"https://www.savoiaterme.it/fr/#website","url":"https://www.savoiaterme.it/fr/","name":"Hotel Savoia Thermæ &amp; Spa","description":"ABANO TERME","potentialAction":[{"@type":"SearchAction","target":{"@type":"EntryPoint","urlTemplate":"https://www.savoiaterme.it/fr/?s={search_term_string}"},"query-input":{"@type":"PropertyValueSpecification","valueRequired":true,"valueName":"search_term_string"}}],"inLanguage":"fr-FR"}]}</script>
<!-- / Yoast SEO plugin. -->

Individuelle - Hotel Savoia Thermæ &amp; Spa

Hotel Savoia Thermæ &amp; Spa

Publié 3 ans il y a

Mis à jour 1 an il y a

Publié le février 22, 2023

Mise à jour le mars 6, 2025

Publié le février 22, 2023 11:34 am

Mise à jour le mars 6, 2025 3:12 pm

Catégories

Priorités de traduction
